d 25110?
310
What is the greatest common factor of 3341940 and 4360?
2180
Calculate the highest common divisor of 121302 and 828.
414
Calculate the highest common divisor of 9 and 698589.
9
What is the highest common factor of 120888 and 3036?
276
What is the highest common divisor of 522272 and 494?
38
What is the greatest common divisor of 146270 and 90?
10
What is the greatest common factor of 41239 and 1265?
253
What is the highest common divisor of 102442 and 1310?
262
Calculate the highest common factor of 7767 and 6246.
9
Calculate the highest common divisor of 1602 and 639.
9
What is the greatest common factor of 121 and 39215?
11
Calculate the highest common factor of 8 and 76867.
1
Calculate the greatest common factor of 115 and 1205.
5
Calculate the highest common factor of 26425 and 604.
151
Calculate the highest common divisor of 13244 and 64988.
308
What is the greatest common factor of 10 and 211360?
10
Calculate the highest common factor of 75 and 75.
75
What is the highest common factor of 600 and 108050?
50
What is the greatest common factor of 102 and 1050668?
34
Calculate the highest common divisor of 1319626 and 6232.
1558
What is the greatest common factor of 132447 and 5565?
1113
Calculate the highest common factor of 264 and 2082.
6
Calculate the greatest common divisor of 20 and 747940.
20
What is the highest common factor of 1168 and 98550?
146
What is the greatest common divisor of 14520 and 518001?
363
Calculate the highest common factor of 3961899 and 513.
513
What is the greatest common factor of 95838 and 6?
6
Calculate the highest common divisor of 11636 and 20.
4
What is the greatest common factor of 276143 and 2163?
721
What is the highest common factor of 651 and 215357?
31
What is the greatest common factor of 6 and 20312?
2
Calculate the highest common factor of 433320 and 2041.
157
Calculate the greatest common factor of 2862 and 1944.
54
What is the greatest common factor of 1089 and 4653?
99
What is the highest common factor of 41 and 14760?
41
Calculate the greatest common factor of 10200 and 825.
75
Calculate the highest common factor of 160 and 29560.
40
What is the highest common divisor of 121179 and 93?
93
Calculate the greatest common divisor of 531 and 1080.
9
What is the highest common factor of 1195398 and 658?
94
What is the highest common factor of 18500 and 10730?
370
Calculate the greatest common divisor of 624103 and 2284.
571
What is the greatest common divisor of 79388 and 712?
356
What is the greatest common factor of 38415 and 1170?
195
Calculate the highest common factor of 555121 and 196.
49
Calculate the greatest common factor of 343 and 950061.
49
What is the highest common divisor of 104353 and 3133?
241
What is the highest common factor of 32384 and 880?
176
Calculate the greatest common factor of 113 and 4116025.
113
What is the highest common factor of 17808 and 1680?
336
Calculate the highest common divisor of 419510 and 728.
182
Calculate the highest common factor of 2964 and 798.
114
Calculate the highest common divisor of 200 and 359500.
100
Calculate the highest common factor of 66080 and 5320.
280
Calculate the highest common divisor of 5452 and 348.
116
What is the highest common divisor of 1675 and 4175?
25
What is the greatest common divisor of 210 and 752710?
70
Calculate the highest common divisor of 63872 and 112.
16
What is the highest common factor of 37725 and 8551?
503
What is the highest common factor of 800081 and 29?
29
What is the greatest common divisor of 32 and 11708?
4
What is the greatest common divisor of 68 and 53924?
68
What is the greatest common divisor of 465 and 580785?
465
Calculate the greatest common divisor of 3077 and 855949.
181
What is the greatest common factor of 1270 and 1870710?
1270
What is the highest common factor of 248 and 2304?
8
What is the greatest common divisor of 486 and 869454?
486
What is the highest common factor of 1250 and 553125?
625
Calculate the highest common factor of 18 and 2334.
6
Calculate the highest common divisor of 116 and 52764.
4
What is the highest common divisor of 1287 and 8008?
143
What is the highest common divisor of 4 and 432532?
4
What is the highest common divisor of 6 and 393789?
3
What is the highest common divisor of 8946 and 189?
63
Calculate the greatest common divisor of 26332 and 3509.
29
What is the greatest common factor of 195 and 36790?
65
Calculate the greatest common divisor of 255950 and 125.
25
Calculate the greatest common divisor of 15 and 2019.
3
Calculate the highest common divisor of 246981 and 399.
399
Calculate the highest common factor of 12992 and 6272.
448
What is the greatest common factor of 245 and 1666?
49
Calculate the greatest common divisor of 1221 and 1331.
11
What is the highest common divisor of 69960 and 1200?
120
What is the greatest common divisor of 78277 and 9?
1
What is the highest common divisor of 15598 and 814?
22
Calculate the greatest common factor of 465 and 88536.
93
What is the greatest common factor of 71902 and 22?
2
What is the greatest common factor of 288 and 2088000?
288
What is the highest common divisor of 480 and 5568?
96
Calculate the highest common divisor of 390400 and 400.
400
What is the highest common divisor of 3634975 and 25?
25
Calculate the greatest common factor of 30 and 384090.
30
What is the highest common factor of 154833 and 84?
21
What is the greatest common factor of 1355738 and 7798?
1114
Calculate the greatest common divisor of 146587 and 487.
487
Calculate the highest common factor of 36 and 123588.
36
Calculate the greatest common factor of 1504 and 271472.
752
Calculate the highest common divisor of 72 and 5244.
12
Calculate the highest common factor of 8308 and 992.
124
Calculate the highest common factor of 180 and 20772.
36
What is the highest common factor of 26 and 31642?
26
What is the highest common factor of 3757 and 73255?
13
Calculate the highest common factor of 247 and 419653.
247
What is the greatest common divisor of 229968 and 8784?
144
Calculate the highest common factor of 13420 and 61.
61
Calculate the greatest common divisor of 1708 and 1204.
28
What is the highest common factor of 96 and 469488?
48
Calculate the highest common factor of 440 and 1386.
22
What is the greatest common divisor of 37394 and 21?
7
What is the highest common factor of 133875 and 6120?
765
What is the greatest common divisor of 152 and 3141536?
152
What is the highest common factor of 13015 and 32965?
95
What is the greatest common factor of 189115 and 9265?
545
What is the highest common divisor of 17832 and 480?
24
What is the highest common divisor of 332 and 65487?
83
What is the greatest common factor of 2177 and 308201?
311
Calculate the greatest common factor of 518 and 152600.
14
What is the highest common factor of 92 and 1832?
4
What is the highest common factor of 334 and 228623?
167
Calculate the highest common divisor of 3834 and 450.
18
Calculate the highest common divisor of 594 and 4488.
66
Calculate the highest common divisor of 1598345 and 35.
35
What is the highest common divisor of 114842 and 1742?
26
What is the highest common factor of 1369 and 1924?
37
What is the highest common divisor of 30430 and 1190?
170
Calculate the highest common divisor of 4704 and 273.
21
What is the greatest common divisor of 24 and 25583496?
24
What is the greatest common factor of 84762 and 198?
18
What is the greatest common factor of 13156 and 26884?
572
What is the greatest common divisor of 26 and 2552823?
13
What is the greatest common divisor of 2391 and 132?
3
Calculate the greatest common factor of 415 and 705.
5
What is the highest common factor of 19007 and 57479?
229
What is the greatest common divisor of 608 and 238112?
32
What is the highest common divisor of 274057 and 49?
49
What is the highest common factor of 101008 and 649?
59
What is the greatest common factor of 51639 and 15?
3
What is the highest common factor of 3 and 1343?
1
What is the highest common divisor of 3762 and 132?
66
Calculate the greatest common factor of 528 and 4848.
48
What is the greatest common factor of 555709 and 22?
11
Calculate the highest common factor of 590 and 12970.
10
Calculate the greatest common divisor of 134897 a